{"id":64,"date":"2020-04-27T18:02:15","date_gmt":"2020-04-27T16:02:15","guid":{"rendered":"http:\/\/www.xn--rittervonkhnburg-tzb.at\/?page_id=64"},"modified":"2021-12-30T18:40:26","modified_gmt":"2021-12-30T17:40:26","slug":"nuri-van-het-dreiland","status":"publish","type":"page","link":"http:\/\/www.xn--rittervonkhnburg-tzb.at\/?page_id=64","title":{"rendered":"Nuri van het Dreiland"},"content":{"rendered":"\n<p class=\"has-larger-font-size\"><a href=\"https:\/\/de.working-dog.com\/dogs-details\/2627355\/Nuri-van-het-Dreiland\" target=\"_blank\" rel=\"noreferrer noopener\">Nuri van het Dreiland<\/a><\/p>\n\n\n\n<p>geb.: 17.06.2014<br>Belgischer Sch\u00e4ferhund &#8211; Malinois<\/p>\n\n\n\n<p>HD-A, ED-0, L\u00dcW-0, SDCA1-T\/T (frei), SDCA2-T\/T (frei) CJM-T\/T (frei)<\/p>\n\n\n\n<p>BH Pr\u00fcfung<\/p>\n\n\n\n<p>BGH 1\u00a0 \u00a0 \u00a0 \u00a0 \u00a0 \u00a0 \u00a0 03.06.2017 99 Punkte<br>IPO 1\u00a0 \u00a0 \u00a0 \u00a0 \u00a0 \u00a0 \u00a0 \u00a0 09.06.2018 Punkte:\u00a090\/94\/85<br>IPO 2\u00a0\u00a0\u00a0\u00a0\u00a0\u00a0\u00a0\u00a0\u00a0\u00a0\u00a0\u00a0\u00a0\u00a0\u00a0 13.10.2018 Punkte: 95\/94\/87<br>IGP 3                29.10.2021 Punkte: 94\/95\/94<\/p>\n\n\n\n<p>Wesens\u00fcberpr\u00fcfung VBS\u00d6 Wertnote 5\/5\/5\/5\/5\/5\/5\/5\/5\/5<br>Zuchtzulassung VBS\u00d6<br>Zuchtzulassung BSD ev. Wertnote SG<\/p>\n\n\n\n<p>Austellungen:&nbsp;        06.03.2016 V1, CACA, CACIB, BOB IHA Graz<br>&nbsp; &nbsp; &nbsp; &nbsp; &nbsp; &nbsp; &nbsp; &nbsp; &nbsp; &nbsp; &nbsp; &nbsp; &nbsp;&nbsp;&nbsp;&nbsp;&nbsp;&nbsp; 07.05.2016 SG, BSD Speziale Kandel<br>&nbsp; &nbsp; &nbsp; &nbsp; &nbsp; &nbsp; &nbsp; &nbsp; &nbsp; &nbsp; &nbsp; &nbsp; &nbsp; &nbsp;&nbsp;&nbsp;&nbsp; 18.06.2016 V1, CACA, CACIB IHA Klagenfurt<br>&nbsp; &nbsp; &nbsp; &nbsp; &nbsp; &nbsp; &nbsp; &nbsp; &nbsp; &nbsp; &nbsp; &nbsp; &nbsp;&nbsp;&nbsp;&nbsp; &nbsp;&nbsp;19.06.2016 SG 2 IHA Klagenfurt<br>&nbsp;&nbsp;&nbsp;&nbsp;&nbsp;&nbsp;&nbsp;&nbsp;&nbsp;&nbsp;&nbsp;&nbsp;&nbsp;&nbsp;&nbsp;&nbsp;&nbsp;&nbsp;&nbsp;&nbsp;&nbsp;&nbsp;&nbsp;&nbsp;&nbsp;&nbsp;&nbsp;&nbsp;&nbsp; &nbsp;07.08.2016 SG 3 IHA Ludwigshafen<br>&nbsp; &nbsp; &nbsp; &nbsp; &nbsp; &nbsp; &nbsp; &nbsp; &nbsp; &nbsp; &nbsp; &nbsp; &nbsp;&nbsp;&nbsp;&nbsp;&nbsp; &nbsp;10.06.2017 SG 2 IHA Klagenfurt<br>&nbsp; &nbsp; &nbsp; &nbsp; &nbsp; &nbsp; &nbsp; &nbsp; &nbsp; &nbsp; &nbsp; &nbsp; &nbsp; &nbsp;&nbsp;&nbsp;&nbsp; 11.06.2017 V1, CACA, CACIB, Alpensieger IHA Klagenfurt<br>&nbsp; &nbsp; &nbsp; &nbsp; &nbsp; &nbsp; &nbsp; &nbsp; &nbsp; &nbsp; &nbsp; &nbsp; &nbsp; &nbsp;&nbsp;&nbsp;&nbsp; 08.02.2018 V VBS\u00d6 Klubschau Ebreichsdorf<br>&nbsp; &nbsp; &nbsp; &nbsp; &nbsp; &nbsp; &nbsp; &nbsp; &nbsp; &nbsp; &nbsp; &nbsp; &nbsp;&nbsp;&nbsp;&nbsp;&nbsp; &nbsp;08.04.2018 SG 2 IHA Salzburg<br>&nbsp; &nbsp; &nbsp; &nbsp; &nbsp; &nbsp; &nbsp; &nbsp; &nbsp; &nbsp; &nbsp; &nbsp; &nbsp; &nbsp;&nbsp;&nbsp;&nbsp; 15.07.2018 V1 CACA IHA Oberwart<br>&nbsp;&nbsp;&nbsp;&nbsp;&nbsp;&nbsp;&nbsp;&nbsp;&nbsp;&nbsp;&nbsp;&nbsp;&nbsp;&nbsp;&nbsp;&nbsp;&nbsp;&nbsp;&nbsp;&nbsp;&nbsp;&nbsp;&nbsp;&nbsp;&nbsp;&nbsp;&nbsp;&nbsp; &nbsp; 10.03.2019 V3 IHA Graz<\/p>\n\n\n\n<figure class=\"wp-block-image size-large is-resized\"><img loading=\"lazy\" decoding=\"async\" src=\"http:\/\/www.xn--rittervonkhnburg-tzb.at\/wp-content\/uploads\/2021\/12\/IMG-0755-1024x577.jpg\" alt=\"\" class=\"wp-image-220\" width=\"1010\" height=\"569\" srcset=\"http:\/\/www.xn--rittervonkhnburg-tzb.at\/wp-content\/uploads\/2021\/12\/IMG-0755-1024x577.jpg 1024w, http:\/\/www.xn--rittervonkhnburg-tzb.at\/wp-content\/uploads\/2021\/12\/IMG-0755-300x169.jpg 300w, http:\/\/www.xn--rittervonkhnburg-tzb.at\/wp-content\/uploads\/2021\/12\/IMG-0755-768x433.jpg 768w, http:\/\/www.xn--rittervonkhnburg-tzb.at\/wp-content\/uploads\/2021\/12\/IMG-0755.jpg 1170w\" sizes=\"auto, (max-width: 1010px) 100vw, 1010px\" \/><\/figure>\n\n\n\n<figure class=\"wp-block-image size-large\"><img loading=\"lazy\" decoding=\"async\" width=\"1024\" height=\"683\" src=\"http:\/\/www.xn--rittervonkhnburg-tzb.at\/wp-content\/uploads\/2020\/04\/FB_IMG_1534798266374-1024x683.jpg\" alt=\"\" class=\"wp-image-66\" srcset=\"http:\/\/www.xn--rittervonkhnburg-tzb.at\/wp-content\/uploads\/2020\/04\/FB_IMG_1534798266374-1024x683.jpg 1024w, http:\/\/www.xn--rittervonkhnburg-tzb.at\/wp-content\/uploads\/2020\/04\/FB_IMG_1534798266374-300x200.jpg 300w, http:\/\/www.xn--rittervonkhnburg-tzb.at\/wp-content\/uploads\/2020\/04\/FB_IMG_1534798266374-768x512.jpg 768w, http:\/\/www.xn--rittervonkhnburg-tzb.at\/wp-content\/uploads\/2020\/04\/FB_IMG_1534798266374.jpg 1080w\" sizes=\"auto, (max-width: 1024px) 100vw, 1024px\" \/><\/figure>\n\n\n\n<figure class=\"wp-block-image size-large\"><img loading=\"lazy\" decoding=\"async\" width=\"1024\" height=\"683\" src=\"http:\/\/www.xn--rittervonkhnburg-tzb.at\/wp-content\/uploads\/2020\/04\/FB_IMG_1519653944584-1024x683.jpg\" alt=\"\" class=\"wp-image-67\" srcset=\"http:\/\/www.xn--rittervonkhnburg-tzb.at\/wp-content\/uploads\/2020\/04\/FB_IMG_1519653944584-1024x683.jpg 1024w, http:\/\/www.xn--rittervonkhnburg-tzb.at\/wp-content\/uploads\/2020\/04\/FB_IMG_1519653944584-300x200.jpg 300w, http:\/\/www.xn--rittervonkhnburg-tzb.at\/wp-content\/uploads\/2020\/04\/FB_IMG_1519653944584-768x512.jpg 768w, http:\/\/www.xn--rittervonkhnburg-tzb.at\/wp-content\/uploads\/2020\/04\/FB_IMG_1519653944584.jpg 1080w\" sizes=\"auto, (max-width: 1024px) 100vw, 1024px\" \/><\/figure>\n\n\n\n<figure class=\"wp-block-image size-large\"><img loading=\"lazy\" decoding=\"async\" width=\"681\" height=\"1024\" src=\"http:\/\/www.xn--rittervonkhnburg-tzb.at\/wp-content\/uploads\/2020\/04\/IMG-20180226-WA0082-681x1024.jpg\" alt=\"\" class=\"wp-image-68\" srcset=\"http:\/\/www.xn--rittervonkhnburg-tzb.at\/wp-content\/uploads\/2020\/04\/IMG-20180226-WA0082-681x1024.jpg 681w, http:\/\/www.xn--rittervonkhnburg-tzb.at\/wp-content\/uploads\/2020\/04\/IMG-20180226-WA0082-200x300.jpg 200w, http:\/\/www.xn--rittervonkhnburg-tzb.at\/wp-content\/uploads\/2020\/04\/IMG-20180226-WA0082-768x1155.jpg 768w, http:\/\/www.xn--rittervonkhnburg-tzb.at\/wp-content\/uploads\/2020\/04\/IMG-20180226-WA0082-1021x1536.jpg 1021w, http:\/\/www.xn--rittervonkhnburg-tzb.at\/wp-content\/uploads\/2020\/04\/IMG-20180226-WA0082.jpg 1064w\" sizes=\"auto, (max-width: 681px) 100vw, 681px\" \/><\/figure>\n\n\n\n<figure class=\"wp-block-image size-large\"><img loading=\"lazy\" decoding=\"async\" width=\"682\" height=\"1024\" src=\"http:\/\/www.xn--rittervonkhnburg-tzb.at\/wp-content\/uploads\/2020\/04\/IMG-20180226-WA0069-682x1024.jpg\" alt=\"\" class=\"wp-image-69\" srcset=\"http:\/\/www.xn--rittervonkhnburg-tzb.at\/wp-content\/uploads\/2020\/04\/IMG-20180226-WA0069-682x1024.jpg 682w, http:\/\/www.xn--rittervonkhnburg-tzb.at\/wp-content\/uploads\/2020\/04\/IMG-20180226-WA0069-200x300.jpg 200w, http:\/\/www.xn--rittervonkhnburg-tzb.at\/wp-content\/uploads\/2020\/04\/IMG-20180226-WA0069-768x1153.jpg 768w, http:\/\/www.xn--rittervonkhnburg-tzb.at\/wp-content\/uploads\/2020\/04\/IMG-20180226-WA0069-1023x1536.jpg 1023w, http:\/\/www.xn--rittervonkhnburg-tzb.at\/wp-content\/uploads\/2020\/04\/IMG-20180226-WA0069.jpg 1066w\" sizes=\"auto, (max-width: 682px) 100vw, 682px\" \/><\/figure>\n","protected":false},"excerpt":{"rendered":"<p>Nuri van het Dreiland geb.: 17.06.2014Belgischer Sch\u00e4ferhund &#8211; Malinois HD-A, ED-0, L\u00dcW-0, SDCA1-T\/T (frei), SDCA2-T\/T (frei) CJM-T\/T (frei) BH Pr\u00fcfung BGH 1\u00a0 \u00a0 \u00a0 \u00a0 \u00a0 \u00a0 \u00a0 03.06.2017 99 PunkteIPO 1\u00a0 \u00a0 \u00a0 \u00a0 \u00a0 \u00a0 \u00a0 \u00a0 09.06.2018 Punkte:\u00a090\/94\/85IPO 2\u00a0\u00a0\u00a0\u00a0\u00a0\u00a0\u00a0\u00a0\u00a0\u00a0\u00a0\u00a0\u00a0\u00a0\u00a0 13.10.2018 Punkte: 95\/94\/87IGP 3 29.10.2021 Punkte: 94\/95\/94 Wesens\u00fcberpr\u00fcfung VBS\u00d6 Wertnote 5\/5\/5\/5\/5\/5\/5\/5\/5\/5Zuchtzulassung VBS\u00d6Zuchtzulassung BSD [&hellip;]<\/p>\n","protected":false},"author":1,"featured_media":0,"parent":0,"menu_order":0,"comment_status":"closed","ping_status":"closed","template":"","meta":{"footnotes":""},"class_list":["post-64","page","type-page","status-publish","hentry"],"_links":{"self":[{"href":"http:\/\/www.xn--rittervonkhnburg-tzb.at\/index.php?rest_route=\/wp\/v2\/pages\/64","targetHints":{"allow":["GET"]}}],"collection":[{"href":"http:\/\/www.xn--rittervonkhnburg-tzb.at\/index.php?rest_route=\/wp\/v2\/pages"}],"about":[{"href":"http:\/\/www.xn--rittervonkhnburg-tzb.at\/index.php?rest_route=\/wp\/v2\/types\/page"}],"author":[{"embeddable":true,"href":"http:\/\/www.xn--rittervonkhnburg-tzb.at\/index.php?rest_route=\/wp\/v2\/users\/1"}],"replies":[{"embeddable":true,"href":"http:\/\/www.xn--rittervonkhnburg-tzb.at\/index.php?rest_route=%2Fwp%2Fv2%2Fcomments&post=64"}],"version-history":[{"count":8,"href":"http:\/\/www.xn--rittervonkhnburg-tzb.at\/index.php?rest_route=\/wp\/v2\/pages\/64\/revisions"}],"predecessor-version":[{"id":224,"href":"http:\/\/www.xn--rittervonkhnburg-tzb.at\/index.php?rest_route=\/wp\/v2\/pages\/64\/revisions\/224"}],"wp:attachment":[{"href":"http:\/\/www.xn--rittervonkhnburg-tzb.at\/index.php?rest_route=%2Fwp%2Fv2%2Fmedia&parent=64"}],"curies":[{"name":"wp","href":"https:\/\/api.w.org\/{rel}","templated":true}]}}